ts digit of d?
6
Suppose -72 = h + 33. Let p = -53 - h. What is the tens digit of p?
5
Let c(k) be the third derivative of k**5/6 + k**4/4 + 2*k**3/3 - 3*k**2. Let q be c(-4). Suppose -25*r + 20*r = -q. What is the units digit of r?
8
Let i(z) = -3*z**3 + 5*z**2 - 2*z - 11. Let t(r) = 8*r**3 - 14*r**2 + 6*r + 33. Let k(y) = -11*i(y) - 4*t(y). What is the units digit of k(4)?
1
Let u(d) = -9*d**3 - d**2 + 19*d + 181. What is the tens digit of u(-6)?
7
Let d = -26 + 31. Let f be -1 + d + 301 + 7. Suppose 0*w - w + 70 = 4*c, -c = 5*w - f. What is the units digit of w?
2
Let k(a) = -35*a + 1057. What is the tens digit of k(-75)?
8
Let k be 0 + -1*(1 + -3). Let p be 1 - k*(1 - 2). What is the units digit of (p - 0) + 21 + -1?
3
What is the hundreds digit of (-276 + 4)*3/(-2)?
4
Let c(d) = 11*d**2 + 33*d + 23. What is the tens digit of c(-17)?
4
Suppose 0*t - 171 = -3*t. Suppose 24 = -2*v + 74. Suppose 3*x - t = -4*h, -5*x = 2*h - v - 0. What is the tens digit of h?
1
Suppose 29*d + 10143 = 151634. What is the thousands digit of d?
4
Let g(x) = -x**3 + 4*x**2 + 2*x - 4. Let j be g(4). Suppose 5*f - j*f - 25 = -4*y, 3*f - 39 = -3*y. What is the units digit of f?
9
Let h be (39/(-52))/((-2)/16). Let j(i) = 2*i**2 + 8*i - 15. What is the units digit of j(h)?
5
Suppose 52 = -6*j - 32. Let w be (-446)/(-10) + j/(-35). Let i = 76 - w. What is the units digit of i?
1
Let u(y) = -y**3 - 16*y**2 - 3*y - 12. Let p be u(-16). Let q = -31 + p. What is the units digit of q?
5
Let y(c) = -2*c**2 - 11*c + 2. Let a be y(-5). What is the tens digit of (a/6*-2)/(2/(-12))?
1
Let l be 3/2 - 1746/(-12). Let j = -49 + l. Suppose -f - 33 = -t - 2*f, -3*t - 2*f = -j. What is the tens digit of t?
3
Suppose -4*p + 1417 = -s, 2*p + p - 1049 = -2*s. What is the hundreds digit of p?
3
Let q be (11 - -2) + (-1 - 2) + 3. Suppose -q*n + 8*n = -205. What is the tens digit of n?
4
Let n = -57 + -138. What is the tens digit of (-4 - 66/(-18))*n?
6
Let u = 4971 - 3070. What is the units digit of u?
1
Let c(n) = -123*n - 148. What is the units digit of c(-10)?
2
Suppose 2*t = 6*t + 12. Let q be (1/t)/((-1)/24). Let g = 15 - q. What is the units digit of g?
7
Let d be (-7)/(-2) + (3 - (-35)/(-10)). What is the tens digit of d/((-6)/(-370)) - (-3 + 0)?
8
Let r = -14 + 363. What is the tens digit of r?
4
Let g be (-1391)/7 + 28/(-98). Let t = 362 + g. What is the hundreds digit of t?
1
Let y(t) = t**3 + 10*t**2 + 17*t + 8. Let k be y(-8). Suppose k = -40*c + 36*c + 4. What is the units digit of c?
1
Let w be 5*-3*2/(-15). Let u = 1 + 1. Suppose d = -w*c + 14, 3*d - 4*d = -2*c + u. What is the units digit of d?
6
Suppose -1 - 9 = 2*i. Let t be (-92)/(-5) - (-2)/i. What is the units digit of t - (4 + (-2)/1)?
6
Let c = 5 + 11. Suppose -p = p + 2*z - c, 3*z - 9 = 0. Suppose 0 = x - 2*x - 3, p*m - 5*x - 395 = 0. What is the units digit of m?
6
Let u = -291 - -642. Suppose -2*l + 3*a = -508, 0 = -4*l - 5*a + 643 + u. What is the tens digit of l?
5
Let f = -641 + 1107. What is the tens digit of f?
6
Let a = -327 + 1015. What is the tens digit of a?
8
Let m(s) = 5*s - 18. Let u = 13 + 4. What is the tens digit of m(u)?
6
Let m = -28 - -459. What is the tens digit of m?
3
Let w be 1 - -7 - (-6)/(-2). Let o(i) be the second derivative of i**4/3 - 5*i**3/6 - 11*i**2/2 + i - 30. What is the tens digit of o(w)?
6
Suppose -139*l + 20 = -135*l. Suppose 0 = -l*f - o + 7, -3*f + 3*o - 1 = o. What is the units digit of f?
1
Let i(a) = 34*a - 5. Let m be i(2). Let s = m + -36. Let u = s + -18. What is the units digit of u?
9
Suppose -238 = 29*i - 2674. What is the units digit of i?
4
Let d = -321 - -393. What is the tens digit of d?
7
Let a(r) = 2*r**2 + 7*r - 9. Suppose 4*d - 6 = 10. What is the units digit of a(d)?
1
Suppose -4320 = -23*i + 4213. What is the units digit of i?
1
Let g = 12 - 6. Let b(i) = -i + 12. Let q be b(0). Let v = q + g. What is the tens digit of v?
1
Suppose 5*m + 5*y - 3106 - 2489 = 0, 0 = -m + 4*y + 1094. What is the units digit of m/4 - (-7 + 68/8)?
7
Let r = -957 + 1459. What is the units digit of r?
2
Suppose -2*y = 3*o - 31, 5*y + 3*o - 36 = 37. Suppose y = v - 24. What is the tens digit of v?
3
Let s(r) = -2*r + 15. Let y be s(7). Let d = 18 + -27. What is the units digit of y/(-1) - (d + -1)?
9
Let g(r) = r**3 + 17*r**2 + 13*r - 14. Let v(z) = z**2 - 8*z - 4. Let c be v(6). What is the tens digit of g(c)?
3
Let v = -85 - -120. Suppose 4*y + v = -y. What is the units digit of (-6)/y*(-224)/(-48)?
4
Let r(y) = -y**3 + 4*y**2 + 6*y - 5. Let p(m) = -2*m**2 - 12*m - 5. Let k be p(-5). Let n be r(k). Suppose n*o = -2*o + 26. What is the units digit of o?
3
What is the units digit of (553 - 19)/((-2 - -4)/2)?
4
Suppose 0 = -4*h, -a + 167 = -h - 311. What is the tens digit of a?
7
Suppose -3*a + 4*s + 1202 = 8*s, -5*a + 2012 = -2*s. What is the units digit of a?
2
Let i = -884 - -2188. What is the units digit of i?
4
Suppose -106*u - 4710 = -111*u. What is the units digit of 1/3 - (-4 + u/(-9))?
9
Let i = 41 + -38. Suppose -3*u + 912 = 4*x + 2*u, -i*x = -2*u - 661. What is the tens digit of x?
2
Suppose 3471 + 385 = 4*x. What is the units digit of x?
4
Suppose -2*r + 2*g + 12380 = 0, -184*g = 5*r - 180*g - 30995. What is the units digit of r?
5
Suppose 0 = 4*j - 0*j - 8. Suppose 0 = 2*q + j*q - 2*r - 14, 4*r = 3*q - 23. Let h(t) = 19*t**2 - t + 1. What is the tens digit of h(q)?
1
Suppose 25 = -3*h + 67. Let v = h - 12. Suppose -v*l + 105 = l. What is the units digit of l?
5
Let y = -5 + 7. Suppose y*v + 18 = 5*v + 4*n, 0 = 5*n - 15. Suppose -5*u - v*c + 39 = 0, -4*u - c + 26 = -2*c. What is the units digit of u?
7
Let a = 117 + -29. What is the tens digit of a - ((-5)/5 + 1)?
8
Let g(v) = -9*v + 2. Suppose -3*l - y + 16 = 0, -4*y = 5*l - 2*y - 27. Let p = -7 + l. What is the tens digit of g(p)?
2
Suppose -3843 = r - 2*r + 2*f, -r - 5*f = -3836. What is the hundreds digit of r?
8
Let x(d) = -d**2 + 4*d + 3. Let y be x(4). Suppose 0 = -y*z + z. What is the tens digit of 1*(z - 1) - -27?
2
Suppose -3*m + 25 = f - 5*f, m + 10 = 5*f. Suppose 4*x + t = m, -6*x - 3*t + 21 = -2*x. Suppose -x*y = -0*y - 33. What is the units digit of y?
1
Let r be (196/(-3))/((-6)/9). Suppose 4*i - r = 2*i. What is the units digit of i?
9
What is the units digit of 63/(-6)*(-32)/4?
4
Suppose -38 = -r - 4*b, 3*r - 90 = 5*b - 27. Suppose -23*q - 57 = -r*q. What is the units digit of q?
9
Let v = 61 - 64. Let i(k) = 4*k**2 - 4*k - 4. What is the units digit of i(v)?
4
Suppose -4*y = -5*x + 3679, 19 - 17 = -2*y. What is the units digit of x?
5
Let h be (-4)/(-4 - (-395)/100). Suppose 1 + h = 3*u. What is the units digit of -18*(u/(-6) - -3)?
7
Let h(g) = -g**2 - 9*g + 12. Let s be h(-10). Suppose -l = -3*y - 0*y - 8, s*y = 2*l - 8. Suppose -l*w + 18 = -28. What is the tens digit of w?
2
Let y(v) = v**3 - 2*v**2 - 2*v + 4. Let b be y(3). Let z be 337/4 - b/28. Let k = -35 + z. What is the units digit of k?
9
What is the hundreds digit of (-4132)/(-7) - (-6)/(-21)?
5
Let r(x) = -x**2 + 21*x + 4. Let m = 46 + -37. What is the tens digit of r(m)?
1
Let z(j) = -j**2 - 9*j + 4. Let g be z(-9). Suppose 3*y - 169 = -y - 5*t, -4*y = g*t - 172. What is the units digit of y?
6
Suppose 59 = 3*u + 5*o, 2*u - 92 = -3*u - 2*o. Let j(v) = -v - 4*v - u*v. What is the units digit of j(-1)?
3
Let f = 2978 + -1079. What is the thousands digit of f?
1
Let x(u) = 5*u**2 - 7*u + 83. What is the thousands digit of x(16)?
1
Suppose -12 = -2*o + 6*o. Let v be (-4)/12 + (-28)/o. What is the tens digit of (v - 1)/(2/5)?
2
Let s(v) = v**3 + 3*v**2 + 3*v + 2. Let h be ((-24)/(-9) - 2)*-3. Let w be s(h). Suppose -3*l + l + 36 = w. What is the units digit of l?
8
What is the tens digit of 31140/66 + ((-20)/11 - -2)?
7
Let m = -1069 + 5485. What is the units digit of m?
6
Suppose -5 = 2*k + 1. Let a(q) = 4*q**2 - 3. What is the units digit of a(k)?
3
Let q(z) = -29*z**2 + 5*z + 5. Let i be q(-2). Let g = 82 + i. Let k = -33 - g. What is the units digit of k?
6
Let r(z) = 4*z**2 - 45 - 3*z**2 - 6*z + 39. Let a = 30 + -21. What is the tens digit of r(a)?
2
Let l be (-303)/(-15) - 2/10. Suppose 0*q + l = -2*q. What is the tens digit of (-254)/q - (-14)/(-35)?
2
Suppose -h = 2*h. Suppose 0*u - 4*u + v + 340 = 0, -5*v = h. What is the units d